*a - 6*a. Suppose 3*p - 5*p - f = 6414, 4*p = 2*f - 12836. What are the prime factors of (-4)/a + p/(-24)?
7, 19
Let w be (-2)/5 + 6*(-664)/(-60). Let p be 16/40 + w/10. Let x = 75 + p. What are the prime factors of x?
2, 41
Suppose -9*w + 14*w + 20 = 5*f, 3*w = -4*f + 2. What are the prime factors of (-347)/(-2) - w*4/16?
2, 3, 29
Let p = 1764 + -806. Suppose 2*z - c = 669 + p, 5*z - 4069 = 4*c. What are the prime factors of z?
3, 271
Suppose 5*d + 2*a = -2*a + 2924, -3*d - 3*a = -1755. Suppose y + z - 138 - d = 0, 2*y - 1444 = z. What are the prime factors of y?
2, 19
Suppose -4555*b = -4554*b - 3866. What are the prime factors of b?
2, 1933
Suppose -10*m = -2*m - 816. Suppose -5*b + m = -2*l, -6*b = -b + 5*l - 95. What are the prime factors of ((-48)/b)/(-6)*235?
2, 47
Suppose -h = 2*x - 219, 0*h - 432 = -2*h + 2*x. Suppose 17113*r - 17090*r + 450 = -631. Let t = r + h. What are the prime factors of t?
2, 5, 17
Let v = -1 - -4. Suppose -144 = -v*b + 2*p + 349, 0 = 2*b - 2*p - 328. What are the prime factors of b?
3, 5, 11
Suppose 0 = 2*c - 4*l - 19154, 114*c + 28725 = 117*c - 3*l. What are the prime factors of c?
3, 3191
Suppose 2438912 - 154067 = 189*u - 217137. What are the prime factors of u?
2, 6619
Let s be ((-20)/(-8) - 3)*(1 - 1). Suppose s = -13*i + 9350 - 2174. What are the prime factors of i?
2, 3, 23
Let l = 2025 + 2402. What are the prime factors of l?
19, 233
Let j(f) be the first derivative of 3*f**2 + 6*f - 19. Let m(a) = -6*a - 7. Let q(b) = 4*j(b) + 5*m(b). List the prime factors of q(-4).
13
Suppose 4*s - 2*o = 217690, -o - 430947 + 49987 = -7*s. What are the prime factors of s?
3, 6047
Suppose 3520*w + 3463152 = 3586*w. List the prime factors of w.
2, 7, 937
Suppose 15*n - 11*n = 1008. Suppose -3*d = d - n. Suppose 5*r = -2*u + 185 + d, 0 = r + 2*u - 56. List the prime factors of r.
2, 3
Let w(h) = -h**3 - 9*h**2 + 19*h + 42. Let b be w(-12). Let f = b - -267. What are the prime factors of f?
3, 19
Let s = 19 - 13. Suppose -5*i + 4543 = s*i. Suppose -h = 6*h - i. List the prime factors of h.
59
Let h = 1 - -35. List the prime factors of (-6592)/(-36) + (-4)/h.
3, 61
Let v(q) be the first derivative of 3*q**4/2 - 11*q**3/3 + 4*q**2 - 8*q + 88. List the prime factors of v(4).
2, 29
Let m = -219 - -223. What are the prime factors of m - -375 - 9/(45/(-20))?
383
Suppose 52028 = 7*d - 28234. Suppose -d = 104*s - 117*s. What are the prime factors of s?
2, 3, 7
Let w(d) = 2*d + 5. Let f be w(-9). Let k = 1007 - f. List the prime factors of k.
2, 3, 5, 17
Let h(f) be the first derivative of -f**4/4 + 13*f**2 - 3*f - 182. List the prime factors of h(-11).
2, 521
Suppose 0*c = -4*o + c - 5, 4*o + 11 = -c. List the prime factors of (-31)/o*6 + 3.
2, 3
Suppose 63*n - 113552 = 61*n - 4*b, -2*b = 2. List the prime factors of n.
2, 3, 9463
Let u = -1 - -3. Let z(a) = 71*a + 427. Let h be z(-6). List the prime factors of (h + -8 - -5)*(-77)/u.
7, 11
Let p(d) = -10*d - 4. Let r(y) = -81*y - 32. Let c(k) = 51*p(k) - 6*r(k). List the prime factors of c(-8).
2, 3, 5
Let o be (-6)/(-24) + (-15230)/(-8). Let m = o - 1344. What are the prime factors of m?
2, 5, 7
Suppose 0 = 40*a - 42*a + 6. Suppose -5*j + 424 = 3*g, -2*j = -7*j + a*g + 436. Suppose -t = -2*b + j, 174 = -b + 5*b - 3*t. List the prime factors of b.
2, 3, 7
Let a(r) = 49*r**2 + 13*r + 466. List the prime factors of a(18).
2, 7, 37
Suppose -2*b + 8 = h, -5*b - 4 = 2*h - 24. Let k = 600 + -595. Suppose 0*v + 2*v + 75 = 5*s, k*s - b*v = 85. What are the prime factors of s?
13
Suppose -c + 2133 - 2125 = 0. Let i(z) = 3*z**3 - 10*z**2 + 9*z - 62. List the prime factors of i(c).
2, 3, 151
Let r(q) = 40*q**3 + q**2 + 3*q + 2. Let h be r(-1). Let s = 46 + h. Suppose -5*z = i - 54 + s, 3*i = -3*z + 96. List the prime factors of i.
2, 7
Suppose 8*f - 167131 = 6*f - 3*k, 0 = 3*f + k - 250721. What are the prime factors of f?
2, 31, 337
Let z be 400/24 - (0 + (-2)/6). Suppose -2*w - 2*n = 4, 4*w + 5*n - z = 6*n. Suppose w*u = 2*l + 2*l - 423, -3*u = -9. What are the prime factors of l?
2, 3
Let u(y) = -y**2 - 22*y + 2. Suppose -7*o - 198 = 2*o. Let j be u(o). Suppose 1 = j*a - 9, -258 = -g - 2*a. List the prime factors of g.
2, 31
Suppose g = 3*k + 688, -2*g = 3*k - 771 - 614. Let z = g - 431. Suppose 0 = -5*x + 980 + z. What are the prime factors of x?
2, 31
Let j = -31 - -35. Suppose -l = 4*z + 5, 0*l + j = z + 2*l. What are the prime factors of (z - -3)/(7/679)?
97
Let h(w) = -w**3 + 6*w**2 + 9*w + 8. Let b be h(6). Suppose l + 2*v = -0*l + b, l - 72 = -4*v. What are the prime factors of l?
2, 13
List the prime factors of (396*-58)/(-6) - (-18)/6.
3, 1277
Let w be (-12)/7*14/(-4). Suppose 25 = -w*o + 7. List the prime factors of (-236)/o + 5/15.
79
Let t(p) = 9*p**2 - 3*p + 3. Let j(d) = 19*d**2 - 6*d + 7. Let g(f) = -4*j(f) + 9*t(f). Let a = -1019 + 1016. What are the prime factors of g(a)?
53
Suppose -5*t - x - 118 = 0, -5*x + 48 + 34 = -3*t. Let z be (t/(-9))/((-4)/(-6)). What are the prime factors of (220/8 - 0)*(2 + z)?
3, 5, 11
Let r = 1951 + -862. Suppose 0 = 9*a - 0*a - r. List the prime factors of a.
11
Let r = 33568 + -23374. What are the prime factors of r?
2, 3, 1699
Let o be 9/1*(43 - 2). Let l(u) = -2*u**3 - 92*u**2 + u - 142. Let w be l(-46). Let h = o + w. List the prime factors of h.
181
Suppose -21*v = 19138 - 199087. List the prime factors of v.
11, 19, 41
Let a be (1315*12/30)/1. Let s = 927 - a. List the prime factors of s.
401
Let q = 53369 - 28416. List the prime factors of q.
24953
List the prime factors of (32/(-24))/(4/12) - 20726/(-2).
3, 1151
Let s(x) = x + 6. Let a be s(-3). Let l be (0/3)/((-6)/a). Suppose 4*t - w = 565, 5*t + l*w = -2*w + 716. List the prime factors of t.
2, 71
Suppose 0 = 9*d - 50 + 95. Let w(a) = -2*a**3 + 10*a**2 + 11*a - 3. List the prime factors of w(d).
2, 13, 17
Suppose -15*z + 112646 - 16346 = 0. What are the prime factors of z?
2, 3, 5, 107
Let u = 272 + 1348. What are the prime factors of u?
2, 3, 5
Let i(d) = d**2 - 24*d. Let z be i(0). Let g(w) = 2*w**2 + 62 + 0*w**2 - 3*w**2. What are the prime factors of g(z)?
2, 31
Let a = -245 + 265. Let x(f) = 23*f - 166. List the prime factors of x(a).
2, 3, 7
Let f = 98 + -77. Suppose 0 = -2*u + 259 - f. Suppose 0 = 4*m - 835 + u. What are the prime factors of m?
179
Suppose -i - 6*i = 0. Let n(x) = 0*x + 2*x + 12 - 2*x**2 + 3*x**2. What are the prime factors of n(i)?
2, 3
Suppose h + 34 = 5*n, 3*n = 5*n + h - 15. List the prime factors of 1/(-3)*-2637 + n.
2, 443
Suppose -5*n = 5*a - 1150, -5*n = -4*a + 637 + 301. Let q = 482 - a. Let z = q + -141. List the prime factors of z.
109
Let v(b) be the first derivative of -17*b + 11/2*b**2 + 8. What are the prime factors of v(8)?
71
Suppose 0 = -4*w + v + 35, -4*v - 30 = -3*w - 7*v. Suppose 15*f - 12576 = -w*f. What are the prime factors of f?
2, 131
Let c be 2/(-6)*1205*(7 + -1). What are the prime factors of (c/5 - 2)*(-1)/2?
2, 11
Let g = -41 - -63. Let f(m) = 53*m - 92. What are the prime factors of f(g)?
2, 3, 179
Let i(p) = -318*p - 664. What are the prime factors of i(-14)?
2, 947
Let r = 6273 + 5697. List the prime factors of r.
2, 3, 5, 7, 19
What are the prime factors of (1 + (-5845)/14)/((-1)/38)?
7, 17, 19
Let k(c) = c**3 - 14*c**2 + 46*c + 65. List the prime factors of k(19).
2, 7
Suppose -37*i + 1013566 = -189972 - 742329. List the prime factors of i.
7, 11, 683
Suppose 184 = -3*r + 7*r. Suppose -r = -4*i - 30. Suppose -x + i*x - 4*a - 727 = 0, -3*x + 5*a = -722. What are the prime factors of x?
3, 83
Let t(a) = -3728*a**3 + 6*a**2 + 8*a + 2. Let d be t(-1). Suppose -5*x = 4*o - 3597, -d = -4*o + x - 137. What are the prime factors of o?
2, 449
Let m = -3548 - -7312. What are the prime factors of m?
2, 941
Suppose -54*t = -53*t - 4. Suppose 0 = -t*f + 205 + 7. List the prime factors of f.
53
Let f(h) = 34*h**2 + 195*h - 42. What are the prime factors of f(-10)?
2, 11
What are the prime factors of (-77270)/(-16) + (-138)/368?
11, 439
Suppose -919201 + 6837818 + 12713111 = 216*z. List the prime factors of z.
2, 17, 43, 59
Let t = -636 + 595. Let r(n) = -5*n + 85. List the prime factors of r(t).
2, 5, 29
Suppose 245140 = 19*q + 66*q. List the prime factors of q.
2, 7, 103
Let i be (-4)/(-36) - (51/(-27) - 1). Suppose -3*a + 4*d 